{"id":525,"date":"2023-12-09T22:45:22","date_gmt":"2023-12-10T01:45:22","guid":{"rendered":"https:\/\/passadopresentefuturo.com\/?post_type=product&#038;p=525"},"modified":"2023-12-09T22:45:24","modified_gmt":"2023-12-10T01:45:24","slug":"disney-365-historias-para-dormir-luxo-contos-princesas","status":"publish","type":"product","link":"https:\/\/passadopresentefuturo.com\/index.php\/product\/disney-365-historias-para-dormir-luxo-contos-princesas\/","title":{"rendered":"Disney &#8211; 365 Hist\u00f3rias para dormir &#8211; Luxo &#8211; Contos Princesas"},"content":{"rendered":"<p><img loading=\"lazy\" decoding=\"async\" class=\"alignnone size-medium wp-image-526\" src=\"http:\/\/passadopresentefuturo.com\/wp-content\/uploads\/2023\/12\/Disney-365-historias-de-princesas-para-dormir-209x300.jpg\" alt=\"\" width=\"209\" height=\"300\" srcset=\"https:\/\/passadopresentefuturo.com\/wp-content\/uploads\/2023\/12\/Disney-365-historias-de-princesas-para-dormir-209x300.jpg 209w, https:\/\/passadopresentefuturo.com\/wp-content\/uploads\/2023\/12\/Disney-365-historias-de-princesas-para-dormir.jpg 324w\" sizes=\"auto, (max-width: 209px) 100vw, 209px\" \/><\/p>\n<p>&nbsp;<\/p>\n<p>Encontre todas as noites do ano suas personagens Disney favoritas! De janeiro \u00e0 dezembro, viva em um mundo de magia e divers\u00e3o lendo 365 hist\u00f3rias repletas de humor e ternura com as Princesas e as Fadas.<\/p>\n<hr class=\"a-divider-normal bucketDivider\" aria-hidden=\"true\" \/>\n<h2>Detalhes do produto<\/h2>\n<div id=\"detailBullets_feature_div\">\n<ul class=\"a-unordered-list a-nostyle a-vertical a-spacing-none detail-bullet-list\">\n<li><span class=\"a-list-item\"><span class=\"a-text-bold\">Editora \u200f : \u200e\u00a0<\/span>DCL; 1\u00aa edi\u00e7\u00e3o (19 outubro 2015)<\/span><\/li>\n<li><span class=\"a-list-item\"><span class=\"a-text-bold\">Idioma \u200f : \u200e\u00a0<\/span>Portugu\u00eas<\/span><\/li>\n<li><span class=\"a-list-item\"><span class=\"a-text-bold\">Capa dura \u200f : \u200e\u00a0<\/span>376 p\u00e1ginas<\/span><\/li>\n<li><span class=\"a-list-item\"><span class=\"a-text-bold\">ISBN-10 \u200f : \u200e\u00a0<\/span>8536813431<\/span><\/li>\n<li><span class=\"a-list-item\"><span class=\"a-text-bold\">ISBN-13 \u200f : \u200e\u00a0<\/span>978-8536813431<\/span><\/li>\n<li><span class=\"a-list-item\"><span class=\"a-text-bold\">Idade de leitura \u200f : \u200e\u00a0<\/span>Idade sugerida pelo cliente: 2 &#8211; 7 anos<\/span><\/li>\n<li><span class=\"a-list-item\"><span class=\"a-text-bold\">Dimens\u00f5es \u200f : \u200e\u00a0<\/span>27.2 x 19.6 x 3 cm<\/span><\/li>\n<\/ul>\n<\/div>\n<ul class=\"a-unordered-list a-nostyle a-vertical a-spacing-none detail-bullet-list\">\n<li><span class=\"a-list-item\"><span class=\"a-text-bold\">Ranking dos mais vendidos:\u00a0<\/span>N\u00ba 5,731 em Livros (<a href=\"https:\/\/www.amazon.com.br\/gp\/bestsellers\/books\/ref=pd_zg_ts_books\" target=\"_blank\" rel=\"noopener\">Conhe\u00e7a o Top 100 na categoria Livros<\/a>)<\/span>\n<ul class=\"a-unordered-list a-nostyle a-vertical zg_hrsr\">\n<li><span class=\"a-list-item\">N\u00ba 9 em\u00a0<a href=\"https:\/\/www.amazon.com.br\/gp\/bestsellers\/books\/15525028011\/ref=pd_zg_hrsr_books\" target=\"_blank\" rel=\"noopener\">Livros Infantis de Fantasia e Magia<\/a><\/span><\/li>\n<li><span class=\"a-list-item\">N\u00ba 77 em\u00a0<a href=\"https:\/\/www.amazon.com.br\/gp\/bestsellers\/toys\/16746791011\/ref=pd_zg_hrsr_toys\" target=\"_blank\" rel=\"noopener\">Materiais de Desenho e Pintura Infantis<\/a><\/span><\/li>\n<\/ul>\n<\/li>\n<\/ul>\n<ul class=\"a-unordered-list a-nostyle a-vertical a-spacing-none detail-bullet-list\">\n<li><span class=\"a-list-item\"><span class=\"a-text-bold\">Avalia\u00e7\u00f5es dos clientes:\u00a0<\/span><\/span>\n<div id=\"detailBullets_averageCustomerReviews\" data-asin=\"8536813431\" data-ref=\"dpx_acr_pop_\"><span class=\"a-declarative\" data-action=\"acrStarsLink-click-metrics\" data-csa-c-type=\"widget\" data-csa-c-func-deps=\"aui-da-acrStarsLink-click-metrics\" data-acrstarslink-click-metrics=\"{}\" data-csa-c-id=\"cmif1f-wqlxee-ljr1sz-pua022\"><span id=\"acrPopover\" class=\"reviewCountTextLinkedHistogram noUnderline\" title=\"4,7 de 5 estrelas\"><a class=\"a-popover-trigger a-declarative\" role=\"button\"><span class=\"a-size-base a-color-base\">4,7\u00a0<\/span><i class=\"a-icon a-icon-star a-star-4-5 cm-cr-review-stars-spacing-big\"><span class=\"a-icon-alt\">4,7 de 5 estrelas<\/span><\/i>\u00a0<i class=\"a-icon a-icon-popover\"><\/i><\/a>\u00a0\u00a0<\/span><\/span>\u00a0<span class=\"a-declarative\" data-action=\"acrLink-click-metrics\" data-csa-c-type=\"widget\" data-csa-c-func-deps=\"aui-da-acrLink-click-metrics\" data-acrlink-click-metrics=\"{}\" data-csa-c-id=\"ppwlfz-b372x1-32xl28-etpqz2\"><a id=\"acrCustomerReviewLink\" class=\"a-link-normal\" href=\"https:\/\/www.amazon.com.br\/Disney-Hist%C3%B3rias-Dormir-Princesas-Almofadada\/dp\/8536813431\/ref=sr_1_1?__mk_pt_BR=%C3%85M%C3%85%C5%BD%C3%95%C3%91&amp;crid=349RWRL957HZU&amp;keywords=princesa+livro&amp;qid=1702172441&amp;rnid=6740748011&amp;s=books&amp;sprefix=princesa+livro%2Cstripbooks%2C253&amp;sr=1-1#customerReviews\" target=\"_blank\" rel=\"noopener\"><span id=\"acrCustomerReviewText\" class=\"a-size-base\">288 avalia\u00e7\u00f5es de clientes<\/span><\/a><\/span><\/div>\n<\/li>\n<\/ul>\n","protected":false},"excerpt":{"rendered":"<p>Encontre todas as noites do ano suas personagens Disney favoritas! De janeiro \u00e0 dezembro, viva em um mundo de magia e divers\u00e3o lendo 365 hist\u00f3rias repletas de humor e ternura com as Princesas e as Fadas.<\/p>\n","protected":false},"featured_media":526,"comment_status":"open","ping_status":"closed","template":"","meta":{"_kad_blocks_custom_css":"","_kad_blocks_head_custom_js":"","_kad_blocks_body_custom_js":"","_kad_blocks_footer_custom_js":"","_kadence_starter_templates_imported_post":false,"_kad_post_transparent":"","_kad_post_title":"","_kad_post_layout":"","_kad_post_sidebar_id":"","_kad_post_content_style":"","_kad_post_vertical_padding":"","_kad_post_feature":"","_kad_post_feature_position":"","_kad_post_header":false,"_kad_post_footer":false},"product_cat":[186,213],"product_tag":[216,215,214],"class_list":["post-525","product","type-product","status-publish","has-post-thumbnail","hentry","product_cat-livros","product_cat-literatura-infantil","product_tag-contos-de-fadas","product_tag-disney","product_tag-princesas","entry","content-bg","loop-entry"],"taxonomy_info":{"product_cat":[{"value":186,"label":"Livros"},{"value":213,"label":"Literatura Infantil"}],"product_tag":[{"value":216,"label":"contos de fadas"},{"value":215,"label":"disney"},{"value":214,"label":"princesas"}]},"featured_image_src_large":["https:\/\/passadopresentefuturo.com\/wp-content\/uploads\/2023\/12\/Disney-365-historias-de-princesas-para-dormir.jpg",324,466,false],"author_info":[],"comment_info":0,"_links":{"self":[{"href":"https:\/\/passadopresentefuturo.com\/index.php\/wp-json\/wp\/v2\/product\/525","targetHints":{"allow":["GET"]}}],"collection":[{"href":"https:\/\/passadopresentefuturo.com\/index.php\/wp-json\/wp\/v2\/product"}],"about":[{"href":"https:\/\/passadopresentefuturo.com\/index.php\/wp-json\/wp\/v2\/types\/product"}],"replies":[{"embeddable":true,"href":"https:\/\/passadopresentefuturo.com\/index.php\/wp-json\/wp\/v2\/comments?post=525"}],"wp:featuredmedia":[{"embeddable":true,"href":"https:\/\/passadopresentefuturo.com\/index.php\/wp-json\/wp\/v2\/media\/526"}],"wp:attachment":[{"href":"https:\/\/passadopresentefuturo.com\/index.php\/wp-json\/wp\/v2\/media?parent=525"}],"wp:term":[{"taxonomy":"product_cat","embeddable":true,"href":"https:\/\/passadopresentefuturo.com\/index.php\/wp-json\/wp\/v2\/product_cat?post=525"},{"taxonomy":"product_tag","embeddable":true,"href":"https:\/\/passadopresentefuturo.com\/index.php\/wp-json\/wp\/v2\/product_tag?post=525"}],"curies":[{"name":"wp","href":"https:\/\/api.w.org\/{rel}","templated":true}]}}